{"id":465,"date":"2025-01-10T17:05:31","date_gmt":"2025-01-10T17:05:31","guid":{"rendered":"https:\/\/enfoca.com.mx\/?page_id=465"},"modified":"2025-05-09T19:50:26","modified_gmt":"2025-05-09T19:50:26","slug":"cirugia-de-pterigion","status":"publish","type":"page","link":"https:\/\/enfoca.com.mx\/eng\/cirugia-de-pterigion\/","title":{"rendered":"Pterygium Surgery"},"content":{"rendered":"<div data-elementor-type=\"wp-page\" data-elementor-id=\"465\" class=\"elementor elementor-465\" data-elementor-post-type=\"page\">\n\t\t\t\t\t\t<section class=\"elementor-section elementor-top-section elementor-element elementor-element-4a40df3 elementor-section-content-middle elementor-section-boxed elementor-section-height-default elementor-section-height-default\" data-id=\"4a40df3\" data-element_type=\"section\" data-e-type=\"section\" data-settings=\"{&quot;background_background&quot;:&quot;classic&quot;}\">\n\t\t\t\t\t\t\t<div class=\"elementor-background-overlay\"><\/div>\n\t\t\t\t\t\t\t<div class=\"elementor-container elementor-column-gap-wide\">\n\t\t\t\t\t<div class=\"elementor-column elementor-col-100 elementor-top-column elementor-element elementor-element-b18a764\" data-id=\"b18a764\" data-element_type=\"column\" data-e-type=\"column\">\n\t\t\t<div class=\"elementor-widget-wrap elementor-element-populated\">\n\t\t\t\t\t\t<div class=\"elementor-element elementor-element-be68be8 elementor-invisible elementor-widget elementor-widget-heading\" data-id=\"be68be8\" data-element_type=\"widget\" data-e-type=\"widget\" data-settings=\"{&quot;_animation&quot;:&quot;fadeIn&quot;,&quot;_animation_delay&quot;:100}\" data-widget_type=\"heading.default\">\n\t\t\t\t<div class=\"elementor-widget-container\">\n\t\t\t\t\t<h2 class=\"elementor-heading-title elementor-size-default\">Pterygium Surgery in Cancun<\/h2>\t\t\t\t<\/div>\n\t\t\t\t<\/div>\n\t\t\t\t\t<\/div>\n\t\t<\/div>\n\t\t\t\t\t<\/div>\n\t\t<\/section>\n\t\t\t\t<section class=\"elementor-section elementor-top-section elementor-element elementor-element-131847a elementor-section-content-middle elementor-section-boxed elementor-section-height-default elementor-section-height-default\" data-id=\"131847a\" data-element_type=\"section\" data-e-type=\"section\" data-settings=\"{&quot;background_background&quot;:&quot;classic&quot;}\">\n\t\t\t\t\t\t\t<div class=\"elementor-background-overlay\"><\/div>\n\t\t\t\t\t\t\t<div class=\"elementor-container elementor-column-gap-wide\">\n\t\t\t\t\t<div class=\"elementor-column elementor-col-100 elementor-top-column elementor-element elementor-element-94bbbdf elementor-invisible\" data-id=\"94bbbdf\" data-element_type=\"column\" data-e-type=\"column\" data-settings=\"{&quot;animation&quot;:&quot;fadeIn&quot;,&quot;animation_delay&quot;:100}\">\n\t\t\t<div class=\"elementor-widget-wrap elementor-element-populated\">\n\t\t\t\t\t\t<div class=\"elementor-element elementor-element-4b6b739 elementor-widget elementor-widget-image\" data-id=\"4b6b739\" data-element_type=\"widget\" data-e-type=\"widget\" data-widget_type=\"image.default\">\n\t\t\t\t<div class=\"elementor-widget-container\">\n\t\t\t\t\t\t\t\t\t\t\t\t\t\t\t<img fetchpriority=\"high\" decoding=\"async\" width=\"1920\" height=\"1275\" src=\"https:\/\/enfoca.com.mx\/wp-content\/uploads\/2025\/01\/pterigion-1.jpg\" class=\"attachment-full size-full wp-image-474\" alt=\"cirug\u00eda de pterigion en canc\u00fan\" srcset=\"https:\/\/enfoca.com.mx\/wp-content\/uploads\/2025\/01\/pterigion-1.jpg 1920w, https:\/\/enfoca.com.mx\/wp-content\/uploads\/2025\/01\/pterigion-1-300x199.jpg 300w, https:\/\/enfoca.com.mx\/wp-content\/uploads\/2025\/01\/pterigion-1-1024x680.jpg 1024w, https:\/\/enfoca.com.mx\/wp-content\/uploads\/2025\/01\/pterigion-1-768x510.jpg 768w, https:\/\/enfoca.com.mx\/wp-content\/uploads\/2025\/01\/pterigion-1-1536x1020.jpg 1536w\" sizes=\"(max-width: 1920px) 100vw, 1920px\" \/>\t\t\t\t\t\t\t\t\t\t\t\t\t\t\t<\/div>\n\t\t\t\t<\/div>\n\t\t\t\t\t<\/div>\n\t\t<\/div>\n\t\t\t\t<div class=\"elementor-column elementor-col-100 elementor-top-column elementor-element elementor-element-26c845f\" data-id=\"26c845f\" data-element_type=\"column\" data-e-type=\"column\">\n\t\t\t<div class=\"elementor-widget-wrap elementor-element-populated\">\n\t\t\t\t\t\t<div class=\"elementor-element elementor-element-3012cab elementor-invisible elementor-widget elementor-widget-heading\" data-id=\"3012cab\" data-element_type=\"widget\" data-e-type=\"widget\" data-settings=\"{&quot;_animation&quot;:&quot;fadeIn&quot;,&quot;_animation_delay&quot;:100}\" data-widget_type=\"heading.default\">\n\t\t\t\t<div class=\"elementor-widget-container\">\n\t\t\t\t\t<h2 class=\"elementor-heading-title elementor-size-default\">What is the treatment for carnosity or pterygium?<\/h2>\t\t\t\t<\/div>\n\t\t\t\t<\/div>\n\t\t\t\t<div class=\"elementor-element elementor-element-dae7e41 elementor-widget elementor-widget-text-editor\" data-id=\"dae7e41\" data-element_type=\"widget\" data-e-type=\"widget\" data-widget_type=\"text-editor.default\">\n\t\t\t\t<div class=\"elementor-widget-container\">\n\t\t\t\t\t\t\t\t\t<p>In some cases, only general measures are needed, such as lubricating eye drops, anti-inflammatory medications, and vasoconstrictors (to relieve the red eye). However, when the red eye is more widespread or the symptoms are very uncomfortable despite initial treatment, the only alternative is\u00a0<strong>it is surgery<\/strong>\u00a0and must be carried out under the following conditions:<\/p><ul class=\"wp-block-list\"><li>When the pterygium causes discomfort to the patient<\/li><li>When the pterygium is aesthetically uncomfortable<\/li><li>When the pterygium evolves or grows in an obvious way<\/li><li>When vision begins to decrease or when the pterygium threatens to invade the pupillary axis or the center of the eye, it is an emergency.<\/li><\/ul>\t\t\t\t\t\t\t\t<\/div>\n\t\t\t\t<\/div>\n\t\t\t\t<section class=\"elementor-section elementor-inner-section elementor-element elementor-element-ee3eba8 elementor-section-boxed elementor-section-height-default elementor-section-height-default elementor-invisible\" data-id=\"ee3eba8\" data-element_type=\"section\" data-e-type=\"section\" data-settings=\"{&quot;animation&quot;:&quot;fadeIn&quot;,&quot;animation_delay&quot;:20}\">\n\t\t\t\t\t\t<div class=\"elementor-container elementor-column-gap-no\">\n\t\t\t\t\t<div class=\"elementor-column elementor-col-100 elementor-inner-column elementor-element elementor-element-939b3dc\" data-id=\"939b3dc\" data-element_type=\"column\" data-e-type=\"column\">\n\t\t\t<div class=\"elementor-widget-wrap elementor-element-populated\">\n\t\t\t\t\t\t<div class=\"elementor-element elementor-element-638faa3 elementor-align-center elementor-widget elementor-widget-elementskit-button\" data-id=\"638faa3\" data-element_type=\"widget\" data-e-type=\"widget\" data-widget_type=\"elementskit-button.default\">\n\t\t\t\t<div class=\"elementor-widget-container\">\n\t\t\t\t\t<div class=\"ekit-wid-con\" >\t\t<div class=\"ekit-btn-wraper\">\n\t\t\t\t\t\t\t<a href=\"https:\/\/wa.me\/529982017401\" class=\"elementskit-btn  whitespace--normal\" id=\"\">\n\t\t\t\t\tBook your appointment now\t\t\t\t<\/a>\n\t\t\t\t\t<\/div>\n        <\/div>\t\t\t\t<\/div>\n\t\t\t\t<\/div>\n\t\t\t\t\t<\/div>\n\t\t<\/div>\n\t\t\t\t\t<\/div>\n\t\t<\/section>\n\t\t\t\t\t<\/div>\n\t\t<\/div>\n\t\t\t\t\t<\/div>\n\t\t<\/section>\n\t\t\t\t<section class=\"elementor-section elementor-top-section elementor-element elementor-element-8e976fc elementor-section-height-min-height elementor-section-boxed elementor-section-height-default elementor-section-items-middle\" data-id=\"8e976fc\" data-element_type=\"section\" data-e-type=\"section\" data-settings=\"{&quot;background_background&quot;:&quot;classic&quot;}\">\n\t\t\t\t\t\t\t<div class=\"elementor-background-overlay\"><\/div>\n\t\t\t\t\t\t\t<div class=\"elementor-container elementor-column-gap-default\">\n\t\t\t\t\t<div class=\"elementor-column elementor-col-100 elementor-top-column elementor-element elementor-element-9582a1b\" data-id=\"9582a1b\" data-element_type=\"column\" data-e-type=\"column\">\n\t\t\t<div class=\"elementor-widget-wrap elementor-element-populated\">\n\t\t\t\t\t\t<div class=\"elementor-element elementor-element-ec4055e elementor-widget__width-inherit elementor-widget elementor-widget-heading\" data-id=\"ec4055e\" data-element_type=\"widget\" data-e-type=\"widget\" data-widget_type=\"heading.default\">\n\t\t\t\t<div class=\"elementor-widget-container\">\n\t\t\t\t\t<h1 class=\"elementor-heading-title elementor-size-default\">Seeing the world clearly is not just a privilege, it is a new way of living.<\/h1>\t\t\t\t<\/div>\n\t\t\t\t<\/div>\n\t\t\t\t<div class=\"elementor-element elementor-element-be891d8 elementor-align-center elementor-widget elementor-widget-elementskit-button\" data-id=\"be891d8\" data-element_type=\"widget\" data-e-type=\"widget\" data-widget_type=\"elementskit-button.default\">\n\t\t\t\t<div class=\"elementor-widget-container\">\n\t\t\t\t\t<div class=\"ekit-wid-con\" >\t\t<div class=\"ekit-btn-wraper\">\n\t\t\t\t\t\t\t<a href=\"https:\/\/wa.me\/529982017401\" class=\"elementskit-btn  whitespace--normal\" id=\"\">\n\t\t\t\t\tBook your appointment now\t\t\t\t<\/a>\n\t\t\t\t\t<\/div>\n        <\/div>\t\t\t\t<\/div>\n\t\t\t\t<\/div>\n\t\t\t\t\t<\/div>\n\t\t<\/div>\n\t\t\t\t\t<\/div>\n\t\t<\/section>\n\t\t\t\t<section class=\"elementor-section elementor-top-section elementor-element elementor-element-0f2cce8 elementor-section-boxed elementor-section-height-default elementor-section-height-default\" data-id=\"0f2cce8\" data-element_type=\"section\" data-e-type=\"section\" data-settings=\"{&quot;background_background&quot;:&quot;classic&quot;}\">\n\t\t\t\t\t\t<div class=\"elementor-container elementor-column-gap-default\">\n\t\t\t\t\t<div class=\"elementor-column elementor-col-50 elementor-top-column elementor-element elementor-element-e3c5f38\" data-id=\"e3c5f38\" data-element_type=\"column\" data-e-type=\"column\">\n\t\t\t<div class=\"elementor-widget-wrap elementor-element-populated\">\n\t\t\t\t\t\t<div class=\"elementor-element elementor-element-090c89c animated-slow elementor-invisible elementor-widget elementor-widget-heading\" data-id=\"090c89c\" data-element_type=\"widget\" data-e-type=\"widget\" data-settings=\"{&quot;_animation&quot;:&quot;fadeIn&quot;}\" data-widget_type=\"heading.default\">\n\t\t\t\t<div class=\"elementor-widget-container\">\n\t\t\t\t\t<h1 class=\"elementor-heading-title elementor-size-default\">Pterygium Surgery with Conjunctiva Graft<\/h1>\t\t\t\t<\/div>\n\t\t\t\t<\/div>\n\t\t\t\t<div class=\"elementor-element elementor-element-badc0aa elementor-invisible elementor-widget elementor-widget-text-editor\" data-id=\"badc0aa\" data-element_type=\"widget\" data-e-type=\"widget\" data-settings=\"{&quot;_animation&quot;:&quot;fadeIn&quot;}\" data-widget_type=\"text-editor.default\">\n\t\t\t\t<div class=\"elementor-widget-container\">\n\t\t\t\t\t\t\t\t\t<p>This treatment seeks to permanently remove the pterygium from the ocular surface and perform microplastic surgery to restore the conjunctiva to its healthy state.<\/p><p>The surgery is performed under local anesthesia and involves removing the affected area and placing an autograft (a portion of healthy conjunctiva from the patient's own eye to replace it) or amniotic membrane. Occasionally, special medications are administered during surgery to reduce the risk of relapse.<\/p>\t\t\t\t\t\t\t\t<\/div>\n\t\t\t\t<\/div>\n\t\t\t\t<div class=\"elementor-element elementor-element-5060948 animated-slow elementor-invisible elementor-widget elementor-widget-heading\" data-id=\"5060948\" data-element_type=\"widget\" data-e-type=\"widget\" data-settings=\"{&quot;_animation&quot;:&quot;fadeIn&quot;}\" data-widget_type=\"heading.default\">\n\t\t\t\t<div class=\"elementor-widget-container\">\n\t\t\t\t\t<h1 class=\"elementor-heading-title elementor-size-default\">Pterygium Surgery <\/h1>\t\t\t\t<\/div>\n\t\t\t\t<\/div>\n\t\t\t\t<div class=\"elementor-element elementor-element-80baa7f elementor-invisible elementor-widget elementor-widget-text-editor\" data-id=\"80baa7f\" data-element_type=\"widget\" data-e-type=\"widget\" data-settings=\"{&quot;_animation&quot;:&quot;fadeIn&quot;}\" data-widget_type=\"text-editor.default\">\n\t\t\t\t<div class=\"elementor-widget-container\">\n\t\t\t\t\t\t\t\t\t<ul><li>Pterygium (autograft with mitomycin application, closure with 10-0 nylon)<\/li><\/ul>\t\t\t\t\t\t\t\t<\/div>\n\t\t\t\t<\/div>\n\t\t\t\t\t<\/div>\n\t\t<\/div>\n\t\t\t\t<div class=\"elementor-column elementor-col-50 elementor-top-column elementor-element elementor-element-6f9f77b\" data-id=\"6f9f77b\" data-element_type=\"column\" data-e-type=\"column\">\n\t\t\t<div class=\"elementor-widget-wrap elementor-element-populated\">\n\t\t\t\t\t\t<div class=\"elementor-element elementor-element-6c03397 elementor-widget elementor-widget-image\" data-id=\"6c03397\" data-element_type=\"widget\" data-e-type=\"widget\" data-widget_type=\"image.default\">\n\t\t\t\t<div class=\"elementor-widget-container\">\n\t\t\t\t\t\t\t\t\t\t\t\t\t\t\t<img decoding=\"async\" width=\"1000\" height=\"600\" src=\"https:\/\/enfoca.com.mx\/wp-content\/uploads\/2025\/01\/cirugia-pterigion2.jpg\" class=\"attachment-full size-full wp-image-488\" alt=\"\" srcset=\"https:\/\/enfoca.com.mx\/wp-content\/uploads\/2025\/01\/cirugia-pterigion2.jpg 1000w, https:\/\/enfoca.com.mx\/wp-content\/uploads\/2025\/01\/cirugia-pterigion2-300x180.jpg 300w, https:\/\/enfoca.com.mx\/wp-content\/uploads\/2025\/01\/cirugia-pterigion2-768x461.jpg 768w\" sizes=\"(max-width: 1000px) 100vw, 1000px\" \/>\t\t\t\t\t\t\t\t\t\t\t\t\t\t\t<\/div>\n\t\t\t\t<\/div>\n\t\t\t\t\t<\/div>\n\t\t<\/div>\n\t\t\t\t\t<\/div>\n\t\t<\/section>\n\t\t\t\t<\/div>","protected":false},"excerpt":{"rendered":"<p>Cirug\u00eda de Pterigi\u00f3n en Canc\u00fan \u00bfCu\u00e1l es el tratamiento para la carnosidad o Pterigi\u00f3n? En algunos casos solo se necesitan [&hellip;]<\/p>\n","protected":false},"author":1,"featured_media":474,"parent":0,"menu_order":0,"comment_status":"closed","ping_status":"closed","template":"","meta":{"site-sidebar-layout":"no-sidebar","site-content-layout":"","ast-site-content-layout":"full-width-container","site-content-style":"default","site-sidebar-style":"default","ast-global-header-display":"","ast-banner-title-visibility":"","ast-main-header-display":"","ast-hfb-above-header-display":"","ast-hfb-below-header-display":"","ast-hfb-mobile-header-display":"","site-post-title":"disabled","ast-breadcrumbs-content":"","ast-featured-img":"disabled","footer-sml-layout":"","ast-disable-related-posts":"","theme-transparent-header-meta":"","adv-header-id-meta":"","stick-header-meta":"","header-above-stick-meta":"","header-main-stick-meta":"","header-below-stick-meta":"","astra-migrate-meta-layouts":"default","ast-page-background-enabled":"default","ast-page-background-meta":{"desktop":{"background-color":"var(--ast-global-color-5)","background-image":"","background-repeat":"repeat","background-position":"center center","background-size":"auto","background-attachment":"scroll","background-type":"","background-media":"","overlay-type":"","overlay-color":"","overlay-opacity":"","overlay-gradient":""},"tablet":{"background-color":"","background-image":"","background-repeat":"repeat","background-position":"center center","background-size":"auto","background-attachment":"scroll","background-type":"","background-media":"","overlay-type":"","overlay-color":"","overlay-opacity":"","overlay-gradient":""},"mobile":{"background-color":"","background-image":"","background-repeat":"repeat","background-position":"center center","background-size":"auto","background-attachment":"scroll","background-type":"","background-media":"","overlay-type":"","overlay-color":"","overlay-opacity":"","overlay-gradient":""}},"ast-content-background-meta":{"desktop":{"background-color":"var(--ast-global-color-4)","background-image":"","background-repeat":"repeat","background-position":"center center","background-size":"auto","background-attachment":"scroll","background-type":"","background-media":"","overlay-type":"","overlay-color":"","overlay-opacity":"","overlay-gradient":""},"tablet":{"background-color":"var(--ast-global-color-4)","background-image":"","background-repeat":"repeat","background-position":"center center","background-size":"auto","background-attachment":"scroll","background-type":"","background-media":"","overlay-type":"","overlay-color":"","overlay-opacity":"","overlay-gradient":""},"mobile":{"background-color":"var(--ast-global-color-4)","background-image":"","background-repeat":"repeat","background-position":"center center","background-size":"auto","background-attachment":"scroll","background-type":"","background-media":"","overlay-type":"","overlay-color":"","overlay-opacity":"","overlay-gradient":""}},"footnotes":""},"class_list":["post-465","page","type-page","status-publish","has-post-thumbnail","hentry"],"yoast_head":"<!-- This site is optimized with the Yoast SEO plugin v27.3 - https:\/\/yoast.com\/product\/yoast-seo-wordpress\/ -->\n<title>Cirug\u00eda de Pterigi\u00f3n en Canc\u00fan | ENFOCA<\/title>\n<meta name=\"description\" content=\"Este tratamiento busca eliminar de manera definitiva el pterigi\u00f3n de la superficie ocular. Agenda tu cirug\u00eda de pterigi\u00f3n en Canc\u00fan\" \/>\n<meta name=\"robots\" content=\"index, follow, max-snippet:-1, max-image-preview:large, max-video-preview:-1\" \/>\n<link rel=\"canonical\" href=\"https:\/\/enfoca.com.mx\/eng\/cirugia-de-pterigion\/\" \/>\n<meta property=\"og:locale\" content=\"en_US\" \/>\n<meta property=\"og:type\" content=\"article\" \/>\n<meta property=\"og:title\" content=\"Cirug\u00eda de Pterigi\u00f3n en Canc\u00fan | ENFOCA\" \/>\n<meta property=\"og:description\" content=\"Este tratamiento busca eliminar de manera definitiva el pterigi\u00f3n de la superficie ocular. Agenda tu cirug\u00eda de pterigi\u00f3n en Canc\u00fan\" \/>\n<meta property=\"og:url\" content=\"https:\/\/enfoca.com.mx\/eng\/cirugia-de-pterigion\/\" \/>\n<meta property=\"og:site_name\" content=\"ENFOCA\" \/>\n<meta property=\"article:modified_time\" content=\"2025-05-09T19:50:26+00:00\" \/>\n<meta property=\"og:image\" content=\"https:\/\/enfoca.com.mx\/wp-content\/uploads\/2025\/01\/pterigion-1.jpg\" \/>\n\t<meta property=\"og:image:width\" content=\"1920\" \/>\n\t<meta property=\"og:image:height\" content=\"1275\" \/>\n\t<meta property=\"og:image:type\" content=\"image\/jpeg\" \/>\n<meta name=\"twitter:card\" content=\"summary_large_image\" \/>\n<meta name=\"twitter:label1\" content=\"Est. reading time\" \/>\n\t<meta name=\"twitter:data1\" content=\"2 minutes\" \/>\n<script type=\"application\/ld+json\" class=\"yoast-schema-graph\">{\"@context\":\"https:\\\/\\\/schema.org\",\"@graph\":[{\"@type\":\"WebPage\",\"@id\":\"https:\\\/\\\/enfoca.com.mx\\\/cirugia-de-pterigion\\\/\",\"url\":\"https:\\\/\\\/enfoca.com.mx\\\/cirugia-de-pterigion\\\/\",\"name\":\"Cirug\u00eda de Pterigi\u00f3n en Canc\u00fan | ENFOCA\",\"isPartOf\":{\"@id\":\"https:\\\/\\\/enfoca.com.mx\\\/#website\"},\"primaryImageOfPage\":{\"@id\":\"https:\\\/\\\/enfoca.com.mx\\\/cirugia-de-pterigion\\\/#primaryimage\"},\"image\":{\"@id\":\"https:\\\/\\\/enfoca.com.mx\\\/cirugia-de-pterigion\\\/#primaryimage\"},\"thumbnailUrl\":\"https:\\\/\\\/enfoca.com.mx\\\/wp-content\\\/uploads\\\/2025\\\/01\\\/pterigion-1.jpg\",\"datePublished\":\"2025-01-10T17:05:31+00:00\",\"dateModified\":\"2025-05-09T19:50:26+00:00\",\"description\":\"Este tratamiento busca eliminar de manera definitiva el pterigi\u00f3n de la superficie ocular. Agenda tu cirug\u00eda de pterigi\u00f3n en Canc\u00fan\",\"breadcrumb\":{\"@id\":\"https:\\\/\\\/enfoca.com.mx\\\/cirugia-de-pterigion\\\/#breadcrumb\"},\"inLanguage\":\"en-US\",\"potentialAction\":[{\"@type\":\"ReadAction\",\"target\":[\"https:\\\/\\\/enfoca.com.mx\\\/cirugia-de-pterigion\\\/\"]}]},{\"@type\":\"ImageObject\",\"inLanguage\":\"en-US\",\"@id\":\"https:\\\/\\\/enfoca.com.mx\\\/cirugia-de-pterigion\\\/#primaryimage\",\"url\":\"https:\\\/\\\/enfoca.com.mx\\\/wp-content\\\/uploads\\\/2025\\\/01\\\/pterigion-1.jpg\",\"contentUrl\":\"https:\\\/\\\/enfoca.com.mx\\\/wp-content\\\/uploads\\\/2025\\\/01\\\/pterigion-1.jpg\",\"width\":1920,\"height\":1275,\"caption\":\"cirug\u00eda de pterigion en canc\u00fan\"},{\"@type\":\"BreadcrumbList\",\"@id\":\"https:\\\/\\\/enfoca.com.mx\\\/cirugia-de-pterigion\\\/#breadcrumb\",\"itemListElement\":[{\"@type\":\"ListItem\",\"position\":1,\"name\":\"Home\",\"item\":\"https:\\\/\\\/enfoca.com.mx\\\/\"},{\"@type\":\"ListItem\",\"position\":2,\"name\":\"Cirug\u00eda de Pterigi\u00f3n\"}]},{\"@type\":\"WebSite\",\"@id\":\"https:\\\/\\\/enfoca.com.mx\\\/#website\",\"url\":\"https:\\\/\\\/enfoca.com.mx\\\/\",\"name\":\"ENFOCA\",\"description\":\"\",\"potentialAction\":[{\"@type\":\"SearchAction\",\"target\":{\"@type\":\"EntryPoint\",\"urlTemplate\":\"https:\\\/\\\/enfoca.com.mx\\\/?s={search_term_string}\"},\"query-input\":{\"@type\":\"PropertyValueSpecification\",\"valueRequired\":true,\"valueName\":\"search_term_string\"}}],\"inLanguage\":\"en-US\"}]}<\/script>\n<!-- \/ Yoast SEO plugin. -->","yoast_head_json":{"title":"Cirug\u00eda de Pterigi\u00f3n en Canc\u00fan | ENFOCA","description":"Este tratamiento busca eliminar de manera definitiva el pterigi\u00f3n de la superficie ocular. Agenda tu cirug\u00eda de pterigi\u00f3n en Canc\u00fan","robots":{"index":"index","follow":"follow","max-snippet":"max-snippet:-1","max-image-preview":"max-image-preview:large","max-video-preview":"max-video-preview:-1"},"canonical":"https:\/\/enfoca.com.mx\/eng\/cirugia-de-pterigion\/","og_locale":"en_US","og_type":"article","og_title":"Cirug\u00eda de Pterigi\u00f3n en Canc\u00fan | ENFOCA","og_description":"Este tratamiento busca eliminar de manera definitiva el pterigi\u00f3n de la superficie ocular. Agenda tu cirug\u00eda de pterigi\u00f3n en Canc\u00fan","og_url":"https:\/\/enfoca.com.mx\/eng\/cirugia-de-pterigion\/","og_site_name":"ENFOCA","article_modified_time":"2025-05-09T19:50:26+00:00","og_image":[{"width":1920,"height":1275,"url":"https:\/\/enfoca.com.mx\/wp-content\/uploads\/2025\/01\/pterigion-1.jpg","type":"image\/jpeg"}],"twitter_card":"summary_large_image","twitter_misc":{"Est. reading time":"2 minutes"},"schema":{"@context":"https:\/\/schema.org","@graph":[{"@type":"WebPage","@id":"https:\/\/enfoca.com.mx\/cirugia-de-pterigion\/","url":"https:\/\/enfoca.com.mx\/cirugia-de-pterigion\/","name":"Cirug\u00eda de Pterigi\u00f3n en Canc\u00fan | ENFOCA","isPartOf":{"@id":"https:\/\/enfoca.com.mx\/#website"},"primaryImageOfPage":{"@id":"https:\/\/enfoca.com.mx\/cirugia-de-pterigion\/#primaryimage"},"image":{"@id":"https:\/\/enfoca.com.mx\/cirugia-de-pterigion\/#primaryimage"},"thumbnailUrl":"https:\/\/enfoca.com.mx\/wp-content\/uploads\/2025\/01\/pterigion-1.jpg","datePublished":"2025-01-10T17:05:31+00:00","dateModified":"2025-05-09T19:50:26+00:00","description":"Este tratamiento busca eliminar de manera definitiva el pterigi\u00f3n de la superficie ocular. Agenda tu cirug\u00eda de pterigi\u00f3n en Canc\u00fan","breadcrumb":{"@id":"https:\/\/enfoca.com.mx\/cirugia-de-pterigion\/#breadcrumb"},"inLanguage":"en-US","potentialAction":[{"@type":"ReadAction","target":["https:\/\/enfoca.com.mx\/cirugia-de-pterigion\/"]}]},{"@type":"ImageObject","inLanguage":"en-US","@id":"https:\/\/enfoca.com.mx\/cirugia-de-pterigion\/#primaryimage","url":"https:\/\/enfoca.com.mx\/wp-content\/uploads\/2025\/01\/pterigion-1.jpg","contentUrl":"https:\/\/enfoca.com.mx\/wp-content\/uploads\/2025\/01\/pterigion-1.jpg","width":1920,"height":1275,"caption":"cirug\u00eda de pterigion en canc\u00fan"},{"@type":"BreadcrumbList","@id":"https:\/\/enfoca.com.mx\/cirugia-de-pterigion\/#breadcrumb","itemListElement":[{"@type":"ListItem","position":1,"name":"Home","item":"https:\/\/enfoca.com.mx\/"},{"@type":"ListItem","position":2,"name":"Cirug\u00eda de Pterigi\u00f3n"}]},{"@type":"WebSite","@id":"https:\/\/enfoca.com.mx\/#website","url":"https:\/\/enfoca.com.mx\/","name":"ENFOCA","description":"","potentialAction":[{"@type":"SearchAction","target":{"@type":"EntryPoint","urlTemplate":"https:\/\/enfoca.com.mx\/?s={search_term_string}"},"query-input":{"@type":"PropertyValueSpecification","valueRequired":true,"valueName":"search_term_string"}}],"inLanguage":"en-US"}]}},"_links":{"self":[{"href":"https:\/\/enfoca.com.mx\/eng\/wp-json\/wp\/v2\/pages\/465","targetHints":{"allow":["GET"]}}],"collection":[{"href":"https:\/\/enfoca.com.mx\/eng\/wp-json\/wp\/v2\/pages"}],"about":[{"href":"https:\/\/enfoca.com.mx\/eng\/wp-json\/wp\/v2\/types\/page"}],"author":[{"embeddable":true,"href":"https:\/\/enfoca.com.mx\/eng\/wp-json\/wp\/v2\/users\/1"}],"replies":[{"embeddable":true,"href":"https:\/\/enfoca.com.mx\/eng\/wp-json\/wp\/v2\/comments?post=465"}],"version-history":[{"count":0,"href":"https:\/\/enfoca.com.mx\/eng\/wp-json\/wp\/v2\/pages\/465\/revisions"}],"wp:featuredmedia":[{"embeddable":true,"href":"https:\/\/enfoca.com.mx\/eng\/wp-json\/wp\/v2\/media\/474"}],"wp:attachment":[{"href":"https:\/\/enfoca.com.mx\/eng\/wp-json\/wp\/v2\/media?parent=465"}],"curies":[{"name":"wp","href":"https:\/\/api.w.org\/{rel}","templated":true}]}}